 47
Suppose 0 = 10*g - 52649 + 19519. What are the prime factors of g?
3313
Let i = 35 + 106. Let d = i + -48. List the prime factors of d.
3, 31
Let y(b) = -b**2 + 9*b. Let q be y(9). Suppose q = 2*g - 6, 7*g + 519 = 4*l + 4*g. List the prime factors of l.
2, 3, 11
Suppose 0*n = -5*z - 2*n + 185, 3*z - 130 = -5*n. Suppose 2*p - 3*p - r = 17, -4*r - 12 = 0. Let y = p + z. List the prime factors of y.
3, 7
Let j(y) = y**3 - 3*y**2 - 5*y + 4. Let p be j(4). Suppose 2*i = -3*t - 32, -2*t - 22 = i - p. What are the prime factors of -6*4*2/t?
2
Let t = 98 - 60. Suppose -t = -w + 27. List the prime factors of (w + 11)*(-1)/(-2).
2, 19
Let q be 12082/84 + (-2)/(-12). Suppose -4*r + q = 12. What are the prime factors of r?
3, 11
List the prime factors of (-1 - (-208)/2)/(8/32).
2, 103
Let s = -28 - -42. Suppose z + 4*m + 2 - s = 0, 2*z - 4*m = 84. List the prime factors of z.
2
Let h be 57/(-5) + (-30)/50. Let j be (-2)/h + (-100)/24. Let z = 24 + j. What are the prime factors of z?
2, 5
Let x be -1 - (-3 + 4) - -2. What are the prime factors of (x + (-127)/3)/((-34)/102)?
127
Let y(g) = -g**3 + 6*g**2 + 8. Let r(i) = -i**3 + 5*i**2 + i + 7. Let v(k) = -5*r(k) + 4*y(k). What are the prime factors of v(5)?
2, 3
Suppose 5*q - 4*q = 0. What are the prime factors of 12/4 - (1 + -145) - q?
3, 7
List the prime factors of 681*((-22)/(-12) + (-1)/(-2)).
7, 227
Let k = -443 - -1022. Let y = -302 + k. What are the prime factors of y?
277
Let v = -630 + 1292. Suppose 4*h + v = -0*k + 2*k, 0 = 3*k - 3*h - 987. List the prime factors of k.
3, 109
Suppose 2*b = -8, -2*u = -4*b - 84 - 76. Suppose -2*g - 2*j = 52, -3*g + 3*j = -g + u. List the prime factors of (-45)/g*(-58)/(-3).
29
Let n = 37 + -40. Let f(q) be the first derivative of -q**2 - 3*q + 2. What are the prime factors of f(n)?
3
Let m = 0 - -7. Let q = 44 - -64. Suppose -m*b = -3*b - q. List the prime factors of b.
3
Suppose -2*k + 4 = 2*o, -4*k = 3*o - 2*o - 17. Let n(i) = -2*i**3 - i**2 + 7*i + 8. Let w be n(o). List the prime factors of (-2)/(-8) + 2072/w.
5, 13
Let k(b) = b + 20. Let v = 7 + 14. Suppose -5*d = 4*y + 52, -v - 18 = 3*d + 5*y. List the prime factors of k(d).
2, 3
Suppose -2*f = i - 7*f - 218, i = -5*f + 168. What are the prime factors of i?
193
Let c = -93 - -39. Let h = c - -269. Suppose 5*a - y - h = 3*y, -3*a - 2*y + 107 = 0. What are the prime factors of a?
3, 13
Suppose -3*p = 4*k - 877, p + 4*p = -k + 232. Suppose 87 = 8*t - k. List the prime factors of t.
2, 19
Let a = -20 + 102. Let b be -3 - (-6)/12*-32. Let n = b + a. What are the prime factors of n?
3, 7
Let y = 1252 + -596. List the prime factors of y.
2, 41
Let c = 31 + -13. Let v be 3/c*3*18. List the prime factors of 6/v + 22/3.
2
Suppose 0 = a + 2*a + 552. Let w = a + 130. Let y = -29 - w. What are the prime factors of y?
5
Let s be 9*3/9*3. Suppose -369 = -s*m + 171. What are the prime factors of m?
2, 3, 5
Suppose -2*c + 5*c = k - 51, 68 = -4*c - 5*k. Let d = c + 20. Suppose -48 = t - d*t. What are the prime factors of t?
2, 3
Let t = -9 - -8. What are the prime factors of t/(5/30)*-6?
2, 3
List the prime factors of 4/2 - (1627 + 3)/(-2).
19, 43
Suppose -4*b = -2*k + 36, -3*b + 0*k - 3*k = 45. Let j be 79/b + 2/11. Let z = 32 + j. List the prime factors of z.
5
Suppose 960 = -7*i + 10*i. Let c = i - 172. What are the prime factors of c?
2, 37
Let a = -1 + 7. Let j = a + 56. What are the prime factors of j?
2, 31
Let c(y) = 2*y**2 + 20*y - 17. Let s be c(-11). Let i = -62 - -149. Suppose 138 = s*v - i. What are the prime factors of v?
3, 5
Let o(b) = 567*b**2 - b - 2. List the prime factors of o(1).
2, 3, 47
Let t be (18/(-27))/(4/(-18)). Let p(z) = 39*z**3 - 6*z**t + z**2 + 0*z**2 - z + 1. What are the prime factors of p(1)?
2, 17
Let m be (1 - 4/1) + -1 + -105. Let w = 192 + m. List the prime factors of w.
83
Let m be 15032/56 + 3/(-7). Let c = m - 50. Suppose 5*p = 4*o - 0*o - 177, 5*o - c = 3*p. List the prime factors of o.
43
Let p(j) = -2*j - 5. Let a be p(2). Let x(q) = -18*q + 71. What are the prime factors of x(a)?
233
Let u(b) = -85*b + 1. Let g be u(5). List the prime factors of (-4)/(-22) - g/88.
5
Suppose 591 = 4*h - 473. List the prime factors of h.
2, 7, 19
Let h = 192 - 122. Let u = -49 + h. Let a = 6 + u. What are the prime factors of a?
3
Suppose 0*v + 3*v = p + 13097, -13093 = -3*v - p. What are the prime factors of v?
3, 5, 97
Let r(k) = -11*k**2 + 5*k**2 - 6*k + 2*k**2 + 5*k**2 - 12. What are the prime factors of r(-9)?
3, 41
Suppose 9*u - u = 2616. Suppose 2*b = 4*b + 5*v - 213, 3*b + 5*v - u = 0. List the prime factors of b.
2, 3, 19
Suppose -a = 4*y - 7032, 3*y + 5*a - 2281 = 2976. List the prime factors of y.
1759
Let s(l) = l**3 - 17*l**2 + 14*l - 32. Let m(n) = 4*n**3 - 69*n**2 + 55*n - 127. Let t(f) = 2*m(f) - 9*s(f). List the prime factors of t(14).
2, 3
Let c(h) = h**3 + 1. Let u(y) = 2*y**3 - 5*y**2 + 4*y + 7. Let f(q) = -5*c(q) + u(q). List the prime factors of f(-4).
2, 7
Let i be (-185)/(2/(-3 + 7)). Let o = 525 + i. Suppose -2*j - 3*j = -o. List the prime factors of j.
31
Let f = 4 - 2. Suppose -f*h = -22 + 4. Let i = 11 - h. List the prime factors of i.
2
Let b = 161 - 89. Let a = 108 - b. List the prime factors of a.
2, 3
Let y(r) be the third derivative of r**5/30 + 5*r**4/24 - 2*r**3/3 - 5*r**2. Let i be y(-5). Let u = -13 + i. What are the prime factors of u?
2
Let g(i) = -20*i + 146. What are the prime factors of g(-17)?
2, 3
Let f = 1256 - -42. List the prime factors of f.
2, 11, 59
Let l = -1316 - -2491. List the prime factors of (-1)/((-5)/l) - -5.
2, 3, 5
Let z = 39 + 169. Suppose z = 2*p - 0*p. List the prime factors of p.
2, 13
Suppose 2*h - 4*u - 360 + 994 = 0, 4*h + u = -1241. Let w = h + 466. List the prime factors of w.
5, 31
Let i = 3 + -2. What are the prime factors of (4 + 348/4)*i?
7, 13
Suppose -3*w - 9 = 0, -3*b + 1523 = 5*w - 1345. List the prime factors of b.
31
Let i = -16 - -24. Let w be i + -7 + -1 + 7. Suppose -v = -4 - w. List the prime factors of v.
11
Suppose 0 = b - 3*b + 30. Let w = b - 4. What are the prime factors of w?
11
Suppose -6*v + 7 = v. List the prime factors of 190/2 - (v - -1).
3, 31
Let q(c) = -2*c**3 - 3*c**2 + 3*c + 6. Suppose 2*z + 3*f = 1, z = 6*z + 4*f + 8. What are the prime factors of q(z)?
2, 37
Let u(s) = 231*s + 7. Let p(n) = 346*n + 10. Let m(h) = -5*p(h) + 7*u(h). List the prime factors of m(-1).
2, 7
Suppose -2*m + 84 = 4*l - 478, -4*l = -m + 293. What are the prime factors of m?
3, 5, 19
Let h = 53 - 10. List the prime factors of h.
43
Let j be 3/((-3)/1) + 5. Suppose -3*y = 3*o - 21, 3*o = j*y + 5*o - 22. Let p = 19 + y. List the prime factors of p.
23
Let o(l) = 6*l - 11. Let v be o(6). Suppose -2*x + u = -0*u + 6, 5*u = 5*x + v. Let j = x + 9. List the prime factors of j.
2
Let m be 150/(-40)*(-1 - (0 - 5)). What are the prime factors of 3/((-8)/36*m - 3)?
3
Suppose -2*s + 0 = 16. Let v(d) = -2*d**2 + 7*d + 2. Let k be v(6). List the prime factors of s/k + 1460/35.
2, 3, 7
Let r(s) = 37*s**2 + 11*s + 13. List the prime factors of r(6).
17, 83
Let k(z) = z**3 + 10*z**2 - 13*z - 20. Let g be k(-8). Suppose -2*x + g = -0*x. What are the prime factors of x?
2, 53
Let i(m) be the third derivative of m**6/120 - m**5/60 - 3*m**2. Let s be i(0). Suppose s = -4*n + 57 + 7. List the prime factors of n.
2
Let b(a) = -3*a + 12. Let z be b(3). Suppose z*x + 332 = 827. List the prime factors of x.
3, 5, 11
Let x(m) = 3*m + 8. Let a be x(5). Let p = a - -2. List the prime factors of p.
5
Suppose 3*m + 14*y - 10*y = 444, 5*m = -y + 723. What are the prime factors of m?
2, 3
Let p(o) = 3*o - 18. Let g be p(7). Suppose 29 = g*z - 82. What are the prime factors of z?
37
Let x(i) = -i**3 - 2*i**2 + 2*i - 5. Let c be x(-4). Suppose 2*v - c = 35. What are the prime factors of v?
3
Let k = -101 - 37. Let u = -92 - k. List the prime factors of u.
2, 23
Suppose -4 = p + 3*p. Let x be (-1)/(2*p/4). Suppose 45 = 5*k + g, 27 = k - 3*g + x. List the prime factors of k.
2, 5
Suppose 4*p - 11*p = -9632. Suppose -5*i = -264 - p. What are the prime factors of i?
2, 41
Suppose p = 3*v - 3059, 3044 = 3*v + 14*p - 12*p. List the prime factors of v.
2, 509
Suppose q - 2*m = -4*q + 7554, 4*q + 2*m - 6054 = 0. What are the prime factors of q?
2, 3, 7
Suppose 